et o = n - 24. Let b = 10 + o. Is b composite?
False
Let q(f) = -11*f - 1. Let d(j) = 2*j**3. Let b be d(-1). Is q(b) composite?
True
Let g(a) = -a + 49. Is g(-6) a prime number?
False
Let j(l) = 194*l**2 + l - 1. Let d be j(1). Suppose -2*q = -4*q + d. Is q a prime number?
True
Is (10/(-6))/5*-1338 prime?
False
Suppose -2*r - 3*r = 5. Let z(y) = 122*y**2 + y. Is z(r) a prime number?
False
Let v be (-2 - -4)*(-26)/(-4). Let m = 90 - v. Let j = m + -42. Is j prime?
False
Suppose -7*n + 5*n + 614 = 0. Is n composite?
False
Let u(o) = o**3 + 2*o**2 - 3*o. Let z be u(2). Suppose -2*w - 16 = -6*w + 4*b, 2*w + 2*b = -8. Let p = w + z. Is p prime?
False
Suppose 0*o - 620 = -3*o + 5*a, -4*o + 870 = 2*a. Suppose 4*q + q = o. Is q a prime number?
True
Let d(v) = -4*v**3 - 3*v**2 - 4*v - 3. Let t be 51/7 - (-2)/(-7). Let i = -9 + t. Is d(i) prime?
False
Suppose -695 = -7*c + 2*c. Let m = c + 197. Suppose 3*y + 3*h = m, y = -0*h + 2*h + 121. Is y composite?
True
Suppose -3*h + 21 = 3*c, 0*h + c - 15 = -2*h. Suppose y + h = 31. Is y prime?
True
Suppose -2*h - 4*m + 1 = -3*m, 5*m = h + 5. Let d be h + 2 + (-150)/(-5). Let t = d - 13. Is t composite?
False
Suppose 4*i + 2*g - 2291 = 5*g, 5*g + 5 = 0. Suppose -i = -2*n - 2*n. Is n composite?
True
Let v be (1 + 3200 + 4)/1. Suppose v = -11*d + 16*d. Is d prime?
True
Let w = 3 - 2. Is (97*w)/(-5 + 6) a prime number?
True
Let u(w) = -w**3 + 5*w**2 - 5*w + 6. Let h be u(4). Suppose 2*b - z = 522, -h*b - 5*z + 547 = 49. Is b prime?
False
Let i(q) = q**3 - 8*q**2 - 9*q. Let d be i(10). Suppose -2*b + 0*f = -3*f, b + 5*f = 13. Suppose a + 15 = 2*r - 58, b*r = a + d. Is r composite?
False
Let q(v) = 8*v**3 - 2*v**2 + 2*v - 1. Let c be q(3). Is (-7 - -5)/((-2)/c) composite?
True
Let g be (-94)/3*(-20 + -1). Let x = g - 423. Is x a composite number?
True
Let g be (1/(-2))/(4/1448). Let n = g - -292. Is n a composite number?
True
Let q(t) = -25*t - 5. Let j be q(7). Let i = -47 - j. Is i prime?
False
Let a be ((-27)/6)/(3/(-56)). Let y = a + -34. Let k = -31 + y. Is k a composite number?
False
Let t(q) = 4*q**2 - q + 4. Let w(n) = -n**2 + 1. Let z(v) = t(v) - 2*w(v). Is z(3) composite?
False
Let a be ((-4)/(12/9))/(-1). Suppose -4*z = h - 5040, -a*h - 6283 = z - 6*z. Is z composite?
False
Suppose -k + 0*k + 203 = 0. Is k composite?
True
Is (52/8)/(2/28) a composite number?
True
Is (-2 - (-5 - -8)) + 188 prime?
False
Let j = 8 - 6. Suppose j*b - 32 = -2*b. Is ((-106)/b)/(3/(-12)) a prime number?
True
Let v(m) = m**3 - 19*m**2 - m - 37. Is v(22) a composite number?
True
Suppose -2*a + a + 3 = 0. Suppose a*o - 276 - 357 = 0. Is o a composite number?
False
Let b(j) = -j**3 - 8*j**2 - 7*j + 2. Let u be b(-7). Is 1*u/4*194 a prime number?
True
Suppose -2*i = -6*i + 12. Let x(v) = 3*v + 2. Is x(i) composite?
False
Let q(p) = -p**3 + p**2 + 2*p + 3. Is q(0) composite?
False
Is 10/(-5) - 1636/(-4) prime?
False
Let y(x) = 1. Let h(o) = o - 2. Let c(i) = -h(i) + 6*y(i). Let u be c(6). Suppose -56 = -z + 5*t, 3*z = u*t + 2*t + 157. Is z a prime number?
False
Let w(b) = b**3 + 12*b**2 + 4*b + 9. Let l be w(-7). Let m = l + -161. Is m prime?
False
Let o(s) = 14*s**3 - s. Let d be o(-1). Let x(y) = y**3 + 13*y**2 - y - 8. Let m be x(d). Suppose q - 4*n = 19, -111 = -m*q + 3*n + 35. Is q prime?
True
Let w(l) = -93*l + 1. Let r(g) = -92*g + 1. Let t(b) = 4*r(b) - 3*w(b). Suppose 1 + 5 = -3*f. Is t(f) composite?
False
Let b(w) = 10*w**2 + 8*w - 25. Is b(-6) a prime number?
False
Suppose a = -4*o - a + 16, -5*a = 4*o - 28. Let i(d) = -o*d**2 - 5*d + 0*d**2 + 9*d**3 - d**3 + 2. Is i(3) composite?
True
Let i(s) = s**2 + s + 14. Suppose -4*l + 20 = -2*l. Let h be i(l). Suppose 0 = 8*g - 4*g - h. Is g a composite number?
False
Let s = 260 + -1. Is s a composite number?
True
Let j(z) = 11*z - 3. Let t(o) = 11*o - 3. Let g(d) = -6*j(d) + 7*t(d). Let w be g(4). Let r = w - 27. Is r a composite number?
True
Suppose 5*i - 3*i = 0. Let j be ((-18)/(-15))/(2/155). Suppose 0 = -i*s - 3*s + j. Is s a composite number?
False
Suppose 5*f - 2*f = -5*h - 19, 4*f = 5*h - 2. Let j(t) be the second derivative of t**4/12 - t**3/3 - 2*t**2 - 2*t. Is j(f) composite?
False
Suppose k + 3*r - 1723 = -2, -3*k + r + 5123 = 0. Is k prime?
True
Let z(k) = -k**3 - 10*k**2 - 7*k + 9. Is z(-10) a composite number?
False
Let a(g) = -43*g**3 + 5*g**2 + 3*g - 2. Is a(-3) prime?
False
Suppose -17*r + 20*r = 993. Is r prime?
True
Let k be (-3)/(2*9/(-12)). Let p be k + (1 - 1) - 4. Is (-2)/((-48)/(-27) + p) prime?
False
Let h = 0 + 3. Let p = h + 1. Suppose -p*k + 502 + 30 = 0. Is k a composite number?
True
Suppose 0 = 4*t - 3 - 13. Suppose -2*g + t = 2*g - h, -g + 6 = h. Suppose -g*c - c = -45. Is c a composite number?
True
Suppose -4*d - 3*t + 18 = 0, -3*t + 0*t + 15 = 3*d. Suppose 5*c - 1251 = -v, -d*c + 2*v = 3*v - 749. Is c prime?
True
Suppose z + 10 = c + 2, -3*z - 2*c = 14. Let t(y) = 17*y**2 - 3*y + 3. Is t(z) a prime number?
False
Let w(c) be the second derivative of -c**5/20 - 7*c**4/12 - c**3 + 7*c**2/2 + 4*c. Is w(-7) a prime number?
False
Let v = 3 - 3. Suppose -u + v = -59. Is u composite?
False
Let h = 13 + -8. Let v be h/2*(1 - -1). Suppose -68 - 18 = -3*u - 5*s, -4*s = -v*u + 205. Is u a composite number?
False
Let u(v) = -v**3 - 6*v**2 + v - 8. Is u(-9) a prime number?
False
Let h(o) = -o**3 - 5*o**2 + 6*o - 8. Let k be h(-6). Is ((-102)/k)/(3/8) prime?
False
Suppose 78 = 3*q - 543. Suppose o = -5*i + 82, 2*o - 2*i + q = 5*o. Is o prime?
True
Let s(q) = -15*q**2 - 25*q + 3. Let o(h) = -8*h**2 - 13*h + 1. Suppose 33 = -5*x + 8*x. Let l(n) = x*o(n) - 6*s(n). Is l(-6) composite?
False
Suppose -3*g - 33 = -3*x, 0*g - g - 35 = -5*x. Let l be 2/(-6) - (-26)/x. Suppose -5*r - a - 2*a = -655, 0 = -l*r + 3*a + 524. Is r a prime number?
True
Let w = -6 + -166. Let q = w + 357. Is q a prime number?
False
Let i(o) be the first derivative of 4*o**3/3 + 23*o**2/2 - 31*o + 2. Let j(y) = -y**2 - 6*y + 8. Let g(h) = 2*i(h) + 9*j(h). Is g(-8) a prime number?
False
Suppose 0*m - 4 = 4*m. Is ((-211)/3)/m*3 composite?
False
Suppose 2*u = -4*k + 6*u + 15192, 15197 = 4*k - 5*u. Is k prime?
True
Suppose -4*u = -0*u + 24. Let f be u/(-2)*(-4)/4. Is 60 - 3*(-1)/f a composite number?
False
Let s(n) = 14*n**2 + 5*n - 3. Is s(-14) prime?
True
Let z = -6 + 53. Let f = 66 + z. Is f a prime number?
True
Let i(b) = 2*b + 2. Let t be i(2). Suppose 3*p + t + 0 = 0, 5*g - 2*p = 639. Is g prime?
True
Let w(u) = 6*u**2 + 2*u - 1. Suppose 2*y = 2*j - 3 + 7, 10 = 5*j - y. Is w(j) composite?
False
Suppose -5*n - 1004 = -9*n. Is n prime?
True
Let z = 7 - 4. Suppose 2*x + z*c - 138 = -c, x - 4*c - 99 = 0. Is x a composite number?
False
Let a(o) = o**3 + 16*o**2 + 7*o - 7. Let x(z) = -z**3 + z - 1. Let d(s) = -a(s) - 2*x(s). Is d(17) a prime number?
False
Suppose 0*b - 2*b + 2*p + 2450 = 0, b + 5*p = 1237. Is b composite?
True
Suppose 3*x = -2*j + 7, 4*j + 1 + 0 = -3*x. Suppose -7 = -d - x*g + 8, 4*g - 138 = -5*d. Let f = d - -5. Is f a composite number?
True
Suppose 5*l - 695 = 5*r, -6*l + 2*l - 4*r + 516 = 0. Is l prime?
False
Suppose -78 = -4*p + q - 3*q, p - 14 = 5*q. Suppose o + p = 66. Is o a prime number?
True
Let y(i) = -i**3 + 9*i**2 - 9*i + 11. Let g be y(8). Suppose 5*m + n - 118 = -n, g*n = m - 10. Is m a prime number?
False
Let k be 74/(-10) - (-4)/10. Let y be 8*1/(12/21). Let g = y + k. Is g composite?
False
Let w(u) = -u**2 + u - 81. Suppose -7*q - 4*h = -2*q - 4, 3*q = 3*h - 3. Let k be w(q). Let p = -48 - k. Is p a prime number?
False
Suppose -9*d = -548 - 217. Is d composite?
True
Let r(c) = 6*c**2 + 8. Let j(a) = -a**2 + 1. Let f(x) = -3*j(x) + r(x). Is f(4) a prime number?
True
Let b(s) = -3*s - 15. Let a be b(-6). Suppose -a*x - 33 = -4*x. Is x a prime number?
False
Let h(u) = -27*u + 11. Let s be h(-11). Suppose 7*t = 3*t + s. Is t a prime number?
False
Let k(w) = 2*w**2 - 4*w + 3. Let y be k(2). Is y - (0/(-2) - 90) prime?
False
Let x(b) be the second derivative of -b**5/20 - 2*b**4/3 - 7*b**3/6 - 5*b**2/2 - 2*b. Let u be x(-4). Let q = 78 + u. Is q composite?
False
Suppose 94 = 3*a + 7. Let d = 66 + a. Is d composite?
True
Let d(w) = 25*w - 1. Let t be d(2). Suppose -a + 6*a + 4*b - 216 = 0, a - t = 5*b. Suppose l + a = 3*l. Is l prime?
False
Let u(t) = 45*t**2 + 5*t - 3.